. Determine f(x).
5
Let h(y) be the first derivative of y**4/8 - 5*y**3/6 + 5*y**2/2 - 8. Let k(n) be the second derivative of h(n). Give k(6).
13
Let u(y) be the third derivative of -y**6/120 - y**5/12 - y**4/24 + y**3/6 + 38*y**2. Calculate u(-5).
6
Suppose 1 = -4*a + 13. Let f(h) = 4*h + 2 - a + 2. Suppose -u + 3*u + 2 = 0. Give f(u).
-3
Let v(l) = -l**2 - 9*l - 6. Let s be ((-3)/4)/((-2)/(-8)). Let x(c) = c**2 + 8*c + 7. Let a(b) = s*x(b) - 2*v(b). Calculate a(-6).
-9
Suppose -o - 4*o = 3*d - 7, 3*o = 5*d + 45. Let p(z) be the first derivative of z**3/3 + 3*z**2 + 2*z + 101. Determine p(d).
2
Let d(k) = 2*k**2 + 1. Suppose b = -5*b - 6. What is d(b)?
3
Let h(b) = -2*b**2 + 60 + 3*b**2 - 2*b**2 - 59. Determine h(1).
0
Let i = -1 + 1. Suppose 4*t + t - 55 = i. Let y(a) = 8*a**3 + 3*a**2 - 3*a + 8. Let m(x) = 3*x**3 + x**2 - x + 3. Let d(s) = t*m(s) - 4*y(s). Give d(0).
1
Let x(d) be the third derivative of -d**6/120 - d**5/20 + d**4/6 - 5*d**3/6 + 9*d**2. What is x(-4)?
-5
Let a(h) be the first derivative of h**4/12 + 5*h**3/6 + 3*h**2/2 + 3*h - 2. Let d(p) be the first derivative of a(p). Suppose l = -3*l - 16. Calculate d(l).
-1
Let o(y) be the first derivative of 2 - 1/3*y**3 - 1/2*y**2 - y. Let v be 0*3*(-4)/24. What is o(v)?
-1
Let p(h) be the second derivative of 1/6*h**4 + h - 1/2*h**3 + 0 + 1/20*h**5 - h**2. Give p(-3).
-2
Let h(o) = 3*o + 5 + 55*o**2 - 50*o**2 - o**3 + o. Let t = 0 - -3. Suppose q - 3*b + 4*b - 5 = 0, -t*q = 2*b - 16. Determine h(q).
-7
Let j(v) = -3*v + 5. Suppose 8 = 2*k + 4*y, y + 28 = 4*k + 3*y. Suppose -g = 4*b + 12, 3*b = -4*g - g + k. Calculate j(g).
-7
Let u(z) = z**2 - 5*z + 4. Let c be -1 + 0/1 + 4. What is u(c)?
-2
Let b(h) = 13*h**2 + h - 1. Let s be (-3)/(-3) + (2 - -1). Let c = s - 3. What is b(c)?
13
Let j = 10 + -8. Let v(f) = -3 - 2*f**3 - j*f**3 + 5*f**3 + f + f**2 - 6*f**2. What is v(5)?
2
Let s(n) = n + 6. Let f be (-44)/(-3 - -1) + -3. Let p be 16 + 4*(-1)/(-2). Suppose -3*z - p = -2*a, z + 5*a - f = 2*z. Calculate s(z).
2
Let p be (-5 + 4)*6/(-2). Let b(m) = -5*m**2 + m + m**3 - m**p + 3*m**3 - 4*m**3. Determine b(-5).
-5
Let k(y) = 5*y**3 + y**2 + 2*y + 1. Suppose -1 = -5*l - 6. Calculate k(l).
-5
Let u = -2 - 4. Let o(l) = l**2 + 5*l - 6. Let t be o(u). Suppose b - 1 - 4 = t. Let q(y) = y - 2. Calculate q(b).
3
Suppose -2*m = -p - 5, -5*p - 3 = 12. Suppose 3*l = -5*q + 13, 5*l + 4*q + 1 = 7*q. Let w be m - -2 - 1/l. Let b(u) = -3*u + 3. Determine b(w).
-3
Suppose 2*f = 3*i + 21, 18 = -5*f + 5*i + 63. Let q(h) = h**2 - 8*h + 9. Let x be q(f). Let n(p) = p**2 + 4*p. Give n(x).
-3
Suppose -5*k + 4*k = -3. Let s(n) = 2*n**3 - 2*n**3 - 3*n**k + 2*n**2 + n + n. What is s(2)?
-12
Suppose -3*l + w = 14, w = -3*l - 4*w + 16. Let c(f) = 3*f**2 - f - 4*f**2 + 0*f**2 + 0*f. Give c(l).
-6
Let h(m) = 4*m**2 - 30*m + 18*m + 15*m + 0*m**2. Suppose 0 = f + 3*f + 8. Give h(f).
10
Suppose -4*i + 3*g - 5*g = -40, -48 = -5*i - 2*g. Let m(n) = -2 + n + i + 6. Determine m(-5).
7
Let o(c) = c**3 - 5*c**2 + 4*c - 2. Suppose 13 = -3*s - 17. Let j(l) = 2*l - 10. Let y be j(s). Let i be (-3)/((y/8)/5). What is o(i)?
-2
Let x be 1 + 1 + -2 + 4. Suppose 3*d + x = 4*d. Suppose 1 = -f + d. Let g(c) = c**2 - 1. Give g(f).
8
Let y(f) = -3*f + 22. Let h(s) = 2*s - 21. Let g(r) = -4*h(r) - 3*y(r). What is g(0)?
18
Let o(y) = -y**3 + 3*y**2 - 3*y. Let r(n) = -n**3 + 2*n**2 - 3*n. Let k(c) = 4*o(c) - 5*r(c). Give k(-2).
-6
Let k be (2/6)/((-6)/(-90)). Suppose -m + k*o = 8, -8*o + 10 = m - 4*o. Let f(n) = -2 + 0*n + 2*n**2 + 0*n. What is f(m)?
6
Let i(q) = 5*q**3 + 4*q**2 + 7*q. Let o(c) = -11*c**3 - 8*c**2 - 14*c - 1. Let x(r) = 13*i(r) + 6*o(r). Give x(5).
4
Let l(w) be the third derivative of -w**8/6720 + w**7/504 - w**6/240 - w**5/60 + w**4/24 - w**2. Let x(r) be the second derivative of l(r). Calculate x(4).
2
Let y be (-5)/(-2)*12/15. Let g = 0 + y. Let w(a) be the second derivative of -a**4/12 + a**3/6 + a**2/2 + a. Determine w(g).
-1
Suppose -2*p = -t - 6, -3*t + 3*p - 4 - 2 = 0. Let d be -1 + 6/t - 0. Let r(i) = -2*i**2 - i - 1. What is r(d)?
-11
Let h(d) = -d + 3. Let i = 85 + -79. Determine h(i).
-3
Let h(y) = -3*y**3 - 2*y**2 + y. Let x be h(1). Let j = 7 + x. Let n(o) = 0 - 2 + o**2 - o**3 + 0*o**j + 1. Give n(2).
-5
Let z(g) = g - 3. Suppose -4*k = -4*x + 19 - 59, 0 = -x - 4. Calculate z(k).
3
Suppose 4*x - 6 = -m, 3*m - 5*x = -10 - 23. Let u(a) = a**3 + 5*a**2 - 8*a - 1. Determine u(m).
11
Let v(y) = -8*y**3 - y**2 - 2*y - 1. Let t be -11 + (0 - (6 - 3)). Let d = -15 - t. Calculate v(d).
8
Let u(r) = -r - 4. Let a = -54 - -62. Calculate u(a).
-12
Let o = 56 - 60. Let a(v) = v**2 + 3*v + 1. What is a(o)?
5
Let q(g) be the third derivative of g**6/720 - g**5/30 - g**4/8 + 4*g**2. Let c(x) be the second derivative of q(x). Calculate c(6).
2
Let h(o) be the first derivative of -o**7/210 - o**6/180 - o**5/60 - o**4/24 - 5*o**3/3 + 4. Let q(w) be the third derivative of h(w). Determine q(-1).
3
Suppose 0*t + t + 4 = -3*f, -t - 4*f = 5. Let r(g) = 13*g**2 - 3*g + 2. Let y(w) = -6*w**2 + 2*w - 1. Let d(i) = -3*r(i) - 5*y(i). Determine d(t).
-9
Let t(h) = -h**2 + 15*h - 9*h - 15*h - 3*h - 16. What is t(-11)?
-5
Let t(g) = 3*g + 7. Let n(o) = 1. Let b(x) = 6*n(x) - t(x). Give b(2).
-7
Let f(c) = 14 - c + 0*c - 25. What is f(-5)?
-6
Let m(s) be the third derivative of s**6/120 - s**5/15 - s**4/8 - s**3 + 9*s**2. Let h be 3 + (-1 - (-5 - -2)). Determine m(h).
4
Let o(t) = 10*t**2 + 3*t. Let r(q) = 11*q**2 + 4*q. Let g(v) = 4*o(v) - 3*r(v). Suppose -3*k - 5 = -4*s, 2 = s + 3*s - 2*k. Give g(s).
7
Let l(q) be the first derivative of -q**4/2 - 2*q**3/3 + q**2 + 2*q + 2. Let o be l(-2). Let x = -2 + o. Let p(w) = -w**3 + 4*w**2 + w. Give p(x).
4
Suppose 4*y - 28 = 8. Let i(k) = -k**2 + 8*k + 12. Let p be i(y). Let w(m) = m**3 - 5*m**2 + 5*m - 3. Give w(p).
-6
Let p(x) = 1 - 1 - x**2. Let w(t) = 3*t - 1. Let b be w(1). What is p(b)?
-4
Let s(k) = k - 13. Let q(z) = 2*z - 25. Let x(t) = 6*q(t) - 11*s(t). Determine x(5).
-2
Let k(r) be the third derivative of -r**7/840 + r**6/180 - r**5/60 + 7*r**3/6 + 4*r**2. Let x(w) be the first derivative of k(w). Let m be 5/2 - 1/2. Give x(m).
-4
Let l be 952/32 + (-1)/(-4). Suppose -5*t - 3*y + l = y, -13 = t - 3*y. Let f(a) = -5*a + 0 - t + a - a. What is f(-2)?
8
Let t = -1 - -5. Let b(d) be the first derivative of -d**5/20 + d**4/2 - 7*d**3/6 + 5*d**2/2 - d + 1. Let x(v) be the first derivative of b(v). Give x(t).
9
Let u(b) = b**3 - 7*b**2 + b - 5. Let j be u(7). Let g(z) = z**3 - 4*z**2 + 2*z - 2. Determine g(j).
-6
Let v be 1 + (12/3)/(-8). Let x(i) be the second derivative of -1/10*i**5 + 0 - i**2 + i - v*i**3 - 1/3*i**4. Determine x(-2).
4
Let g(n) = n**2 - n - 1. Let m(c) = -6*c - 11. Let h(w) = -5*w - 10. Let u(k) = -7*h(k) + 6*m(k). Let f be u(2). Determine g(f).
1
Suppose 0*c = 5*j - 2*c + 23, -5*j + 4*c = 31. Let b(o) = 5*o + 2 - 2*o**2 + 15*o**2 - 12*o**2. Give b(j).
-4
Let y(m) = m**3 + 6*m**2 + 6*m + 7. Let r be y(-5). Let g(n) = -3*n + 6*n - r*n**2 - 3*n. Determine g(2).
-8
Let w(f) = f**3 - 7*f**2 + 7*f - 3. Let v = -17 + 29. Let l = v - 6. Give w(l).
3
Let j(q) = -q + 6. Let l be (-16)/(-40) + (-23)/(-5). What is j(l)?
1
Let t(k) = -k**3 - 6*k**2 + 7*k - 4. Suppose 106 = -14*d + 8. Give t(d).
-4
Let l(m) = 4*m. Let x be 5/(-3) + 4/6. Let d(n) = n**2 + n. Let g be d(x). Suppose g = 5*w - 5, -2*v - 2*w + 4 = -v. Calculate l(v).
8
Let h = 61 - 59. Let t(l) = -l**2 - l. Determine t(h).
-6
Let q = 18 - 27. Let t(n) = -n**2 - 8*n + 13. Determine t(q).
4
Let y = -1 - -2. Suppose -w = -2*k + y, k - 4*k = 3*w - 24. Let f(a) = -a**3 + 5*a**2 + a - 2. Calculate f(w).
3
Let i(y) = -y - 6. Let q be i(-4). Let s be (-1)/q + 21/(-6). Let d(x) = -1 - 4*x + 3 - 5. Determine d(s).
9
Let h(n) = 7*n + 7. Suppose -3*d = 5*l + 5, -3*l - d - 2 = -3. Let o(w) = 2*w + 2. Let g(r) = l*h(r) - 9*o(r). Give g(-5).
16
Let c(i) = 0 - 2*i**2 - 6*i - 1 + i**2. Let v = 18 - 13. Suppose 31 = -6*q + 3*q + 4*t, -v*t = -20. Give c(q).
4
Let n(s) = s - 1 - s**3 + 3 + s**2 - 2*s**2. Suppose 2*q - 7 = 11. Suppose -2*b - 9 = b + 3*g, 2*b = 3*g + q. Calculate n(b).
2
Let j(t) = -t**2 - 4*t - 2. Suppose 5*d - 10 = 3*d - 4*r, 35 = -5*d + 5*r. What is j(d)?
1
Let s(i) = -13 - 2*i + 12 - 3*i + 4*i. Determine s(-1).
0
